1. Let t be f(-1). Let w(g) = 3 + t + 2 + 3*g. Give w(z).
-6
Suppose -2*q - 6 = -8*q. Let u(w) = w + 1. Let p(r) = 3*r - 5. Let d(o) = q*p(o) - 2*u(o). What is d(0)?
-7
Let b be 3 + (-75)/27 - 2/9. Suppose -3*z = -3*m, 0*z - z - 1 = b. Let d(v) be the third derivative of v**6/20 + v**5/30 + v**4/24 + v**2. Determine d(m).
-5
Suppose 0 = -j + 2*n - 5*n + 22, -2*n = -10. Suppose 2*d + 11 = 4*v - j, -4*d = -5*v + 15. Let i(k) = k + 2 - 4 + k**2 + v. Determine i(0).
5
Let o(a) = a - 1. Let r(m) = -9*m + 5. Suppose q - 5*q - 16 = 0. Let t(x) = q*o(x) - r(x). Let h = 3 - 4. Give t(h).
-6
Let v(o) = 2*o**2 - o. Let d(g) = 11*g**2 + 5*g + 15. Let t(n) = d(n) - 6*v(n). Determine t(12).
3
Let h(v) = -4*v**3 + 5*v - 3. Suppose 185*p + 11 = 196*p. Calculate h(p).
-2
Let i(p) = -6*p - 1. Let c be -9 - -12 - (-2 + 2). Suppose c*o = -2*o - 5. What is i(o)?
5
Let q(b) be the first derivative of -b**5/60 - b**4/8 - 14*b**3/3 + 4. Let z(h) be the third derivative of q(h). What is z(-4)?
5
Let y(m) = 18*m - 182. Let v be y(10). Let x(d) = d**3 + d**2 - 1. Calculate x(v).
-5
Let u(z) be the third derivative of -z**5/60 - 11*z**4/24 - 3*z**3/2 + 2*z**2 - 72. Give u(-11).
-9
Let c(q) = 17*q**2 - 23*q**2 - 9*q + 5*q**2 - 8. Give c(-8).
0
Let y(w) be the first derivative of -w**3/6 + 3*w**2/2 - 12*w - 1. Let r(s) be the first derivative of y(s). Give r(6).
-3
Let h(n) = 8*n**3 - 2*n**2 + 1. Let v(x) = 22*x + x**2 + 25*x - 55*x - 8. Suppose 0 = -5*l + 8*t - 4*t + 65, 3*l - 37 = 2*t. Let y be v(l). Calculate h(y).
7
Suppose 91*s = 4 - 4. Let h(o) be the third derivative of s*o - 5/12*o**4 - 1/120*o**6 + 4*o**2 + 0 + 4/3*o**3 + 2/15*o**5. Determine h(7).
-13
Let f be ((-6)/9)/(6/(-18)). Let q(c) = -56 + 0*c + 52 + f*c. Determine q(4).
4
Suppose -3*l - 13 = -4*a, 7*a + 5*l = 4*a + 17. Let d(m) = m**3 - 4*m**2 + 4*m + 2. Determine d(a).
18
Let h(v) = 3*v. Let n(z) = 2*z. Let b(s) = -3*s. Let y(o) = -6*b(o) - 10*n(o). Let a(w) = 4*h(w) + 5*y(w). What is a(-7)?
-14
Let c(r) = -13 - r**3 - 5*r - 5*r + 4 + 19 - 12*r**2. What is c(-11)?
-1
Let n = -16 - -16. Let t(j) = -5*j**3 - 4*j**2 - 3*j - 1. Let p(q) = q - 2 + q + 4*q**3 + 4 + 3*q**2. Let g(u) = -4*p(u) - 3*t(u). Calculate g(n).
-5
Let k(j) = -j**3 + 4*j**2 - 3*j - 2. Let p be 2/(-3)*(10 + -4). Let u = -19 - -26. Let i = u + p. Give k(i).
-2
Suppose -37 + 100 = -7*i. Let c(y) = y**2 + 9*y - 3. Determine c(i).
-3
Suppose f = 6 - 1. Let x(u) be the first derivative of -u**5/60 + u**4/6 + u**3 - 2*u**2 + 3. Let s(k) be the second derivative of x(k). Give s(f).
1
Let q(u) = -u**2 - 10*u - 2. Let m be q(-10). Let a(d) = -d**2 - 3*d + 3. Let j be a(m). Let f(y) = y**3 - 5*y**2 + 4*y - 7. Give f(j).
13
Let g(s) = 11*s - 1. Let k be (3 + (-22)/4 + 3)*2. Let o be ((-8)/6 + k)/((-1)/3). Determine g(o).
10
Let m = -8 - -5. Let i(z) = -53 - 43 - 57 + 200 - 44 - z**2. Give i(m).
-6
Let c(i) = -413*i**2 - 416*i**2 + 1 + 1234*i**2 - 408*i**2 - 3 + 6*i. Calculate c(4).
-26
Let r(h) be the first derivative of -h**4/24 + 2*h**3/3 + h**2 + 26. Let u(n) be the second derivative of r(n). Give u(-4).
8
Let q(r) = 24*r - 2 - 38*r + 13*r. Let g be (0/2)/2*-1. Suppose g*n + 4*n = -20. What is q(n)?
3
Let w(i) = -2*i + 7*i - 1 - 5*i - 3*i + 9*i - i**2. Let u = 22 + -15. Determine w(u).
-8
Let f(r) = -3*r**2 - r. Let b = 98 + -35. Let w be (b/6)/(-7)*(-4)/6. Determine f(w).
-4
Let j(w) = -w**2 - 10*w + 2. Let b(h) = 41*h - 9. Let g be b(0). Give j(g).
11
Let i(z) = -3*z - 1. Let h = -27 + 5. Let s = h - -23. What is i(s)?
-4
Let o(t) = t**3 + 5*t**2 - t + 5. Suppose 2*h - 8 = -n, -5*n = 3*h - 0*n - 26. Suppose -i = -h*z + 5, -2*i - 3*z - 1 = 9. What is o(i)?
10
Let k(a) = a**3 + 7*a**2 - 14*a - 1. Let g(f) = 4*f - 2. Let q(y) = 3*g(y) + k(y). What is q(-7)?
7
Let c(l) = 3*l**3 - 7*l**2 - 11*l - 1. Let p(q) = -q**3 + q - 1. Let b(w) = c(w) + 4*p(w). Suppose 4*k + f + 19 = 0, -f = k + f - 4. Determine b(k).
1
Let o be 1/((-2)/(-3) + 155/(-93)). Let t(k) = 1 - 1 - 1 + 0*k + 7*k. Calculate t(o).
-8
Let d(x) = -3*x + 5. Suppose 0 = -9*q + 66 - 3. Let u(a) be the first derivative of 3*a**2 - 10*a + 2. Let k(t) = q*d(t) + 3*u(t). Give k(5).
-10
Let d(h) = 17 + 69*h**2 + 2*h - 18 - 67*h**2. What is d(-4)?
23
Let z(g) be the third derivative of -g**5/30 + g**4/3 - g**3/2 + 98*g**2. Determine z(5).
-13
Let z(h) be the first derivative of h**2 + 26*h + 474. Give z(-14).
-2
Suppose -27 = -t - 31. Let q(u) = u**2 + 4*u**2 + u**3 - u**2 - 5 - 2*u + 3. Give q(t).
6
Let w(p) = 2*p + 1. Let c(r) = r**3 + 6*r**2 - 7*r + 3. Let z be c(-7). Suppose -6*g - 10 = -5*l - 3*g, -2*l = z*g - 4. What is w(l)?
5
Suppose 0 = o + 28 - 41. Suppose m = -5*c - m, c = -3*m - o. Let s(v) = 2 + v - 8 + c*v. What is s(4)?
6
Let b(g) = -g - 1. Let k(s) = -5*s + 7*s + 1 - 6*s**2 + 3*s**2. Let a(c) = -c - 1. Let u(x) = a(x) + k(x). Let m be u(1). Calculate b(m).
1
Suppose 0 = -0*z - 5*z + 10. Let j(a) = 11*a**3 - 8562*a**2 - 10*a**3 + 8558*a**2. Calculate j(z).
-8
Let o(d) = -d. Let c(l) = 24*l + 1. Let b(k) = c(k) + 5*o(k). Let r(n) = 5*n. Let s be r(-1). Let m be (s/(-3))/(-5)*3. Give b(m).
-18
Let w be (1 - 7) + (10 - -2). Let l(i) = -7*i**2 + 10*i + 7. Let q(p) = 6*p**2 - 9*p - 7. Let a(k) = -5*l(k) - 6*q(k). Determine a(w).
-5
Let k(x) = -2*x**3 + 2*x**2 + 2. Suppose 2 = -r + 15. Suppose -27 = -f + 5*l, -f + 3*l = -2*f - r. Suppose y - f*y = -2. Determine k(y).
-6
Let x(u) = -7*u. Let a = -32 + 26. Let s(r) = 20*r. Let l(v) = a*s(v) - 17*x(v). Give l(4).
-4
Let v = -34 + 30. Let b(j) = -177 + j - 2*j + 172. What is b(v)?
-1
Suppose 0 = o - 1 + 6, 3*o + 13 = -y. Let n(z) = -z**2 + 0*z**y - 4*z**3 - 3*z**3 + 4*z**3. Let a(v) = v - 7. Let s be a(8). Calculate n(s).
-4
Let p be 15*6/(-9)*1. Let v = p - -4. Let j(f) = -787*f**2 - 3 - 7*f + 786*f**2 - 2. What is j(v)?
1
Let c(n) be the third derivative of 11*n**5/30 - n**4/24 + 308*n**2 + 2*n. Give c(-1).
23
Let o(f) be the first derivative of f**4/4 - 4*f**3/3 - f**2/2 - 11. Let b = -570 + 574. Give o(b).
-4
Let v be (-39)/(-3)*(4 - 3) - 7. Let c(m) = -m**3 + 6*m**2 + 3*m - 9. Calculate c(v).
9
Let p(q) = 4*q**3 + 11*q**2 + 7*q - 3. Let l(c) = 3*c**3 + 10*c**2 + 7*c - 2. Let i(b) = 3*l(b) - 2*p(b). Give i(-7).
0
Let m(v) = 0*v + 3*v - 222*v**2 + 4 + v - v**3 + 221*v**2. What is m(2)?
0
Let p(r) be the second derivative of -r**4/12 - r**3/3 + r**2/2 + 3*r - 4. Let y(j) = j**2 - 6*j + 4. Let i be y(4). Give p(i).
-7
Let a(i) = -2*i**2 + 2*i. Let l be (-6 + 4)*(2 - -1). Let v(c) = c**3 + 7*c**2 + 6*c + 2. Let r be v(l). Determine a(r).
-4
Suppose -44*j = -58 - 30. Let l(b) = 5*b**3 + 3*b**2 - b + 1. Determine l(j).
51
Let o = -12 - -15. Let b(a) = -a + 18 - 31 - o*a**2 + 17 + a**3. Determine b(3).
1
Let l be ((1 + -2)/((-2)/8))/2. Let t(a) = 6*a**2 + l - a**2 + 3*a**2 + 4*a - 9*a**2. What is t(5)?
-3
Let x(c) = -16*c - 36. Suppose 4*o - 828 + 836 = 0. Determine x(o).
-4
Let h(w) be the third derivative of 11*w**4/6 - 339*w**2. Determine h(1).
44
Let s(f) = -14*f**2 - 32*f + 41. Let p(c) = -5*c**2 - 11*c + 14. Let q(w) = 11*p(w) - 4*s(w). Give q(-8).
-2
Let j(x) = -7*x - 12. Let q(h) = 12*h + 24. Let u(v) = -5*j(v) - 3*q(v). Calculate u(-7).
-5
Let n(a) = a**2 + 0*a**2 - 8*a - 257 + 4*a**2 + 259 - 4*a**2. Determine n(8).
2
Let l(o) = o - 1. Let d be l(1). Suppose -5*u + 8*u = 9. Let k be d - 8/(-12)*u. Let w(z) = -z**3 - z**2 + 3*z - 3. What is w(k)?
-9
Let n = 42 - 24. Let f = -14 + n. Let w(c) = -c + 3. Give w(f).
-1
Suppose -4*v + 95 = -n + 12, 4*v - 98 = -2*n. Let g = v - 18. Let j(b) = b - 2. Give j(g).
2
Suppose -24*b - 187 = -43. Let a(v) = -v**2 + 2*v**2 - 4*v + 3 - 2*v**2. Calculate a(b).
-9
Let z = -11 + 11. Let p(g) be the first derivative of -g**3/3 + g**2/2 - 8*g - 17. Calculate p(z).
-8
Let x = -593 - -588. Let m(f) be the first derivative of f**4/4 + 7*f**3/3 + 4*f**2 + 5*f + 2. Calculate m(x).
15
Suppose i - 16 = -i. Let c(z) = 4*z**3 - i*z**3 + z**2 + 3*z**3 + 1. Let g(j) = 7*j**3 - 7*j**2 - j - 7. Let v(a) = -5*c(a) - g(a). Give v(2).
-4
Let p(b) = b**3 - 15*b**2 + 27*b - 13. Let z be 8 - 4*10/(-8). Calculate p(z).
0
Let t(q) = 9*q**2 + 90*q + 6. Let z be t(-10). Let f(p) = p**3 - 7*p**2 + 3*p - 2. Determine f(z).
-20
Let o(l) = 1 - 3 + 4*l - 3 - 2. Let h(d) = 3*d - 6. Let w(b) = 3*h(b) - 2*o(b). Let y = -15 - -11. What